50 is divided by 62.
20
What is the remainder when 127457 is divided by 211?
13
What is the remainder when 9018 is divided by 3003?
9
What is the remainder when 3437732 is divided by 381970?
2
Calculate the remainder when 360316 is divided by 135.
1
What is the remainder when 569896 is divided by 25904?
8
What is the remainder when 16451 is divided by 8223?
5
Calculate the remainder when 130682 is divided by 16332.
26
Calculate the remainder when 2802 is divided by 24.
18
Calculate the remainder when 52804 is divided by 1390.
1374
What is the remainder when 11708 is divided by 689?
684
What is the remainder when 3013 is divided by 459?
259
What is the remainder when 20969 is divided by 10?
9
What is the remainder when 7259 is divided by 169?
161
What is the remainder when 84267 is divided by 106?
103
Calculate the remainder when 53315 is divided by 266.
115
Calculate the remainder when 66796 is divided by 40.
36
What is the remainder when 16641 is divided by 1498?
163
What is the remainder when 2331990 is divided by 884?
882
What is the remainder when 16569 is divided by 37?
30
What is the remainder when 6082 is divided by 655?
187
What is the remainder when 334166 is divided by 111384?
14
What is the remainder when 102667 is divided by 10?
7
Calculate the remainder when 6750 is divided by 399.
366
What is the remainder when 119975 is divided by 81?
14
Calculate the remainder when 97272 is divided by 369.
225
Calculate the remainder when 9224 is divided by 77.
61
Calculate the remainder when 33664 is divided by 261.
256
What is the remainder when 22386 is divided by 605?
1
Calculate the remainder when 86109 is divided by 28692.
33
Calculate the remainder when 10967 is divided by 12.
11
Calculate the remainder when 40799 is divided by 27.
2
What is the remainder when 718 is divided by 4?
2
What is the remainder when 13218 is divided by 85?
43
Calculate the remainder when 3803 is divided by 758.
13
What is the remainder when 18076 is divided by 347?
32
What is the remainder when 11973 is divided by 74?
59
What is the remainder when 12136 is divided by 53?
52
What is the remainder when 3202 is divided by 1057?
31
Calculate the remainder when 260170 is divided by 12.
10
Calculate the remainder when 654 is divided by 192.
78
Calculate the remainder when 20078 is divided by 27.
17
Calculate the remainder when 4561 is divided by 400.
161
Calculate the remainder when 5875842 is divided by 795.
792
What is the remainder when 62340 is divided by 27?
24
What is the remainder when 1029 is divided by 332?
33
Calculate the remainder when 1128 is divided by 545.
38
What is the remainder when 65287 is divided by 160?
7
Calculate the remainder when 23762 is divided by 1485.
2
Calculate the remainder when 20056 is divided by 43.
18
Calculate the remainder when 5144 is divided by 135.
14
Calculate the remainder when 68933 is divided by 96.
5
What is the remainder when 3852 is divided by 960?
12
Calculate the remainder when 21165 is divided by 6903.
456
What is the remainder when 1966 is divided by 73?
68
Calculate the remainder when 215494 is divided by 215488.
6
Calculate the remainder when 337443 is divided by 337407.
36
What is the remainder when 2953 is divided by 153?
46
Calculate the remainder when 192720 is divided by 283.
280
Calculate the remainder when 7502 is divided by 3591.
320
What is the remainder when 13396 is divided by 263?
246
What is the remainder when 3154 is divided by 605?
129
What is the remainder when 198120 is divided by 854?
846
Calculate the remainder when 15438 is divided by 1914.
126
Calculate the remainder when 1479 is divided by 17.
0
Calculate the remainder when 15413 is divided by 359.
335
Calculate the remainder when 12419 is divided by 1026.
107
What is the remainder when 160517 is divided by 1500?
17
What is the remainder when 5104 is divided by 39?
34
What is the remainder when 766100 is divided by 1?
0
Calculate the remainder when 126743 is divided by 1320.
23
Calculate the remainder when 2500 is divided by 76.
68
What is the remainder when 24078 is divided by 40?
38
Calculate the remainder when 299331 is divided by 62.
57
What is the remainder when 6653 is divided by 33?
20
Calculate the remainder when 200259 is divided by 448.
3
What is the remainder when 99618 is divided by 12?
6
What is the remainder when 914 is divided by 228?
2
Calculate the remainder when 86259 is divided by 125.
9
What is the remainder when 4311 is divided by 152?
55
What is the remainder when 7526 is divided by 209?
2
What is the remainder when 139995 is divided by 139983?
12
Calculate the remainder when 3107 is divided by 766.
43
What is the remainder when 1289 is divided by 781?
508
Calculate the remainder when 36113 is divided by 18056.
1
What is the remainder when 35169 is divided by 32?
1
Calculate the remainder when 4877 is divided by 1546.
239
What is the remainder when 5055 is divided by 496?
95
What is the remainder when 5561 is divided by 746?
339
Calculate the remainder when 159870 is divided by 338.
334
Calculate the remainder when 53047 is divided by 60.
7
Calculate the remainder when 1683 is divided by 139.
15
What is the remainder when 22412 is divided by 22394?
18
What is the remainder when 403 is divided by 69?
58
What is the remainder when 67641 is divided by 22543?
12
Calculate the remainder when 2010 is divided by 19.
15
Calculate the remainder when 4971 is divided by 1904.
1163
Calculate the remainder when 4793 is divided by 4483.
310
Calculate the remainder when 4579 is divided by 1294.
697
What is the remainder when 4628 is divided by 707?
386
Calculate the remainder when 79127 is divided by 1216.
87
What is the remainder when 44412 is divided by 22194?
24
Calculate the remainder when 369493 is divided by 483.
481
Calculate the remainder when 1446 is divided by 1409.
37
What is the remainder when 17111 is divided by 285?
11
What is the remainder when 1186 is divided by 433?
320
Calculate the remainder when 2965 is divided by 609.
529
Calculate the remainder when 37885 is divided by 51.
43
What is the remainder when 127644 is divided by 427?
398
What is the remainder when 24128 is divided by 24094?
34
Calculate the remainder when 5527 is divided by 321.
70
What is the remainder when 12906 is divided by 350?
306
Calculate the remainder when 13821 is divided by 13775.
46
What is the remainder when 5244 is divided by 5191?
53
Calculate the remainder when 80347 is divided by 72.
67
Calculate the remainder when 3011 is divided by 999.
14
Calculate the remainder when 5857 is divided by 2927.
3
What is the remainder when 285359 is divided by 119?
116
What is the remainder when 89157 is divided by 249?
15
What is the remainder when 5123 is divided by 400?
323
What is the remainder when 30913 is divided by 138?
1
What is the remainder when 5396 is divided by 202?
144
What is the remainder when 25023 is divided by 2780?
3
What is the remainder when 20690 is divided by 830?
770
Calculate the remainder when 6078 is divided by 1988.
114
Calculate the remainder when 723 is divided by 288.
147
Calculate the remainder when 81414 is divided by 78.
60
What is the remainder when 2016 is divided by 1974?
42
What is the remainder when 36006 is divided by 11997?
15
What is the remainder when 2344 is divided by 207?
67
What is the remainder when 1716 is divided by 340?
16
What is the remainder when 119663 is divided by 10?
3
What is the remainder when 3632 is divided by 222?
80
What is the remainder when 7303 is divided by 72?
31
What is the remainder when 34869 is divided by 3869?
48
What is the remainder when 2670 is divided by 732?
474
Calculate the remainder when 69253 is divided by 78.
67
What is the remainder when 8445 is divided by 840?
45
What is the remainder when 10472 is divided by 963?
842
What is the remainder when 133823 is divided by 769?
17
Calculate the remainder when 2108 is divided by 1044.
20
Calculate the remainder when 52246 is divided by 6.
4
What is the remainder when 248 is divided by 210?
38
Calculate the remainder when 31322 is divided by 10377.
191
Calculate the remainder when 3115269 is divided by 61.
60
What is the remainder when 1665 is divided by 669?
327
Calculate the remainder when 144324 is divided by 25.
24
W